hat is the units digit of y?
8
Suppose -2 + 20 = 2*k. Suppose -7 = -2*x + k. What is the units digit of x?
8
Let j(y) = 2*y**2 - 13*y + 42. What is the units digit of j(4)?
2
Suppose 0 - 6 = -3*o. Suppose -f - 3*v = f - 14, o = -v. Let h = 17 - f. What is the units digit of h?
7
Let r(n) be the first derivative of n**3/3 + 4*n**2 + 4. Let p(t) = -t**3 + 4*t**2 - t - 5. Let l be p(4). What is the units digit of r(l)?
9
Let c = -21 - -31. What is the tens digit of c?
1
What is the tens digit of (-27 - -17)/(17/18 + -1)?
8
Let x be 2/8 + (-57)/(-12). Let a be 3*(-1)/(-1) - -2. Suppose -a*p - x*k + 22 = -3*k, -3*k = -5*p + 42. What is the units digit of p?
6
Let x(z) = z - 2. Let l be x(-2). Let u = l + 3. Let o = 2 - u. What is the units digit of o?
3
Let s(y) = -y**3 + y**2 - 2. Let o be s(0). Let k = 9 - o. What is the tens digit of k?
1
What is the tens digit of (-9)/(-2)*3/(36/40)?
1
Suppose -4*u + 3*s + 6 = -7*u, -12 = 3*s. Suppose y + w - 2 = 0, -y - 18 = 4*y - u*w. What is the units digit of y + 2 + (0 - -3)?
3
Suppose 0*n - 2 = n. What is the units digit of (24/30)/(n/(-15))?
6
Suppose -4*g - 20 = 0, 3*i + 1 = -g - 1. Suppose i - 13 = -4*s. What is the units digit of s?
3
Suppose u + 2*j - 2 = 0, u + 4 = 5*j + 13. Suppose b - 31 = -4*c, u = -2*c - 3*b + 7. What is the units digit of c?
9
Let z(f) = f**3 - 6*f**2 + 4. Let a be z(6). Let o = 0 + a. Suppose -2*b + o*b - 2 = 0. What is the units digit of b?
1
Suppose 5*r = 2*p + 529, -3*p = -r - r + 205. What is the units digit of r?
7
Let z(y) = -3*y**3 + y**2 - y. Let t be z(4). Let i be t/(-6)*(-2)/4. Let f = 23 + i. What is the units digit of f?
8
Suppose -5*v + 360 = 2*m, -4*v = 4*m + m - 271. What is the tens digit of v?
7
Suppose -o + 124 = -3*c + 4*o, o = c + 40. Suppose 5*p + 40 = -5*f, -2*p - p = -5*f - 8. What is the tens digit of c/p - 1/(-2)?
1
Let l = 5 - -17. Let c be (-66)/(-4)*20/(-30). Let k = l + c. What is the tens digit of k?
1
Let a = 206 - 90. What is the units digit of a?
6
Let f(m) = m**3 - 8*m**2 - 8*m + 4. What is the tens digit of f(9)?
1
Suppose 153 = 6*u - 87. What is the units digit of u?
0
Let o = 75 - 27. Suppose o = -0*n + 3*n. What is the units digit of n?
6
What is the units digit of (2/(-6))/((-2)/162)?
7
Suppose 0 = -0*z + 5*z - 150. Suppose 0 = -j + 4*w - 11, 0*j + 2*j = 4*w - z. Let o = 2 - j. What is the units digit of o?
1
Let q(s) = 2*s**3 - 2*s**2 + 2*s - 2. Let m be q(2). Let a = 23 - 6. Let o = a - m. What is the units digit of o?
7
Suppose 5*q + 10 = 3*p - 0, -2*p = -3*q - 7. Let n be -1*3/(-6)*0. Suppose -p*w + n*w = -40. What is the units digit of w?
8
Suppose -3*j + 43 = w - 0*w, -5*j + 3*w = -81. What is the tens digit of j?
1
Let i = 10 + 8. What is the units digit of i?
8
Suppose -z + 68 = 3*z. What is the units digit of z?
7
Let f be 4/2 - (-1 + 1). Suppose 8 = 4*v, 2 = -4*n - f*v - 6. What is the units digit of ((-4)/n)/(4/6)?
2
Let v(y) = -y + 6. Let p be v(0). Let j be -7 + p/(-9)*-3. Let u(m) = m**2 + 4*m. What is the units digit of u(j)?
5
What is the tens digit of 2 + 0 + (-3 + 19 - 2)?
1
Suppose -2*l + 350 = 4*k, 4*l - 50 = -k + 48. What is the units digit of k?
6
Let y(u) = 9 + 6*u - u + 0*u - 3*u. What is the tens digit of y(13)?
3
Suppose 5*b - y = y + 73, 4*b - y - 56 = 0. What is the tens digit of 1*((3 - 3) + b)?
1
Suppose -4 = 4*f - 20. Suppose w - 16 = -w - 4*d, -f*w + 24 = 4*d. What is the units digit of w?
4
Let z = 1 + 1. Let m be (4 - z) + 0/3. What is the units digit of (m/5)/((-2)/(-10))?
2
Let x be 2/(-4) - (-11)/2. Suppose h = 4*h - l - 18, -40 = -5*h + x*l. Suppose 2*f = 0, 3*r + h*f + 16 = 7*r. What is the units digit of r?
4
Let m(k) = 2*k + 164. What is the tens digit of m(0)?
6
Suppose -7*z = -4*z - 6. Suppose 4 = -z*w + 24. What is the tens digit of w?
1
Suppose -65 = -3*r - 4*w, -5*r - 5*w = -0*r - 115. What is the units digit of r?
7
Suppose -v + k + 15 = 0, k - 45 = -4*v + 2*v. What is the tens digit of v?
2
Let k(b) = 5 + b**2 + b + 3*b + 3*b. What is the units digit of k(-7)?
5
Suppose 0*v + 3*j + 132 = 4*v, -2*j - 8 = 0. What is the units digit of v?
0
Let d be (1 - 0) + 4 + 1. What is the units digit of (-3)/9 - (-56)/d?
9
Suppose -2*l + 42 = 4*v - 10, 4*l = -2*v + 98. What is the tens digit of l?
2
Let y(g) = 2*g**2 + 2*g. Let c be y(-2). Suppose -5*k = c*b - 25, 0 = 5*b + 3*k - 2*k - 26. What is the units digit of (10 - b)*(1 - 0)?
5
Suppose -w - 16 = -2*w. Suppose -5*h + 0*y + y = 14, y = -5*h - w. What is the units digit of h/(-2)*(1 + 1)?
3
Suppose -4*d = -0*d + 32. Let b(i) = -9*i - 16. Let k(l) = 8*l + 15. Let h(o) = -6*b(o) - 7*k(o). What is the units digit of h(d)?
7
Suppose 3*f = 3*i - 0*i + 138, -163 = -4*f - 3*i. Suppose -37 = -4*z + f. What is the units digit of z?
0
Let r(m) = 47*m**2 + m. What is the units digit of r(-1)?
6
Let h = 8 - 3. What is the units digit of h?
5
Suppose 0 = 5*t + 307 + 13. Let i = 109 + t. What is the units digit of (-130)/(-18) - 10/i?
7
Let t(w) = 0*w**2 + 3*w**3 - 2*w + 4*w**2 + 2 + w**2 - 4*w**2. What is the tens digit of t(2)?
2
What is the units digit of 6/(5*(-2)/(-5))?
3
Let l(k) = k - 1. Let b be l(6). Suppose b*d - 6 = 114. What is the tens digit of d?
2
Let x(h) = -h**2 - h - 1. Let b be x(-1). Let a be 0 + -1 - (b - 2). Suppose 2*l + 10 = 7*l, -a*l = 2*n - 12. What is the units digit of n?
4
Let d(f) = -f**2 + 10*f - 6. Let l be 6/(-9)*-12 + -3. What is the units digit of d(l)?
9
Suppose 13 - 125 = -4*v. Suppose -j = -4*j + 48. Let k = v - j. What is the tens digit of k?
1
Suppose -8 = n + 12. Let i be (-2 - -4) + (2 - n). Suppose 5*a - 6 = i. What is the units digit of a?
6
What is the units digit of (1 + 109)*3/6?
5
Let o = -132 + 302. What is the units digit of o?
0
Let g(w) be the second derivative of w**4/4 - w**3/2 - 4*w. What is the tens digit of g(3)?
1
Let j be ((-16)/28)/((-2)/7). Suppose -k + 23 = z, 4*k - 1 - 73 = j*z. What is the tens digit of k?
2
Let a = -8 + 6. Let y = 4 + a. What is the units digit of y?
2
Suppose 0*y - 5*y - 125 = 0. Let t = 1 - y. What is the units digit of t?
6
Let q = -29 - -61. What is the units digit of q?
2
Let b(t) = -t + 2. Let k(s) = s**3 + 6*s**2 + 2*s + 5. Let x be k(-6). What is the units digit of b(x)?
9
Let x(g) = g**3 - 12*g**2 + 23*g + 11. What is the tens digit of x(11)?
4
Let q = -5 + 7. Suppose -v - 13 = -q*v + 4*f, f = 2. What is the units digit of v?
1
Suppose 0*y + 42 = 7*y. Let a = 11 - 6. Suppose 5*m + 3*v - 23 = -v, 3*m + a*v = y. What is the units digit of m?
7
Let r be (24/20)/(2/5). Suppose 6*n - 49 = n - r*m, m = -5*n + 43. Suppose -n*a + 3*a = -15. What is the units digit of a?
3
Let c(p) = 2*p**2 - 4*p + 17. What is the hundreds digit of c(-7)?
1
Let d = 44 - 38. What is the units digit of d?
6
Suppose 3*l - 2*i = 11, l - i = -4*l + 9. What is the units digit of l?
1
Suppose s + 26 - 118 = -2*y, 5*y - 2*s = 221. Let q = -27 + y. What is the tens digit of q?
1
Let h(m) = -m - 1 - 2 + 0. Let b be h(-8). Suppose -3*x - 8 = n, -2*n - b*x + 3 = 2*n. What is the units digit of n?
7
Let i(h) be the first derivative of -h**3/3 - 6*h**2 - 15*h - 3. What is the units digit of i(-10)?
5
Let d = -7 - -12. Let c(o) = 2*o - 6. Let x be c(d). What is the tens digit of (-9)/(-3) - (-48)/x?
1
What is the units digit of -100*10/(-125)*15/3?
0
Let l(f) = -11*f - 54. What is the hundreds digit of l(-25)?
2
Let t(n) = 5*n**3 - 2*n**2 + 6*n - 7. Let z(c) = -4*c**3 + 2*c**2 - 5*c + 6. Let g(p) = -5*t(p) - 6*z(p). What is the units digit of g(-3)?
8
Suppose 6*a = 2*a + 12. Suppose -a*b - 3*j + 59 = -2*b, 2*b - 115 = -5*j. What is the units digit of b?
0
Let h be 340/12 - 1/3. Let r be (h/(-8))/((-1)/2). Suppose 3*k - r = 2*k. What is the units digit of k?
7
Suppose -48 = -t - 3*t. Let z = t - 18. What is the units digit of z/(-8)*(9 - 1)?
6
Suppose 0 = 5*l - 3*p - 0*p - 58, -3*l + 4*p = -26. What is the units digit of l?
4
Let p(i) = 4*i + 2. Suppose 5*t + 7 = -2*c + 42, 3*c + 5 = 4*t. What is the tens digit of p(c)?
2
Let x(n) = -2*n + 1. Let u be x(-2). Suppose -4*l = -u*l + 9. What is the units digit of l?
9
Suppose -5*m + 5*u = -230, -4*u + 4 = 12. Let i = m + -18. What is the tens digit of i?
2
What is the tens digit of (-11)/(3*(-2)/60)?
1
Let f = 187 - 100. What is the tens digit of f?
8
What is the 